reds digit of 1339?
3
What is the ten thousands digit of 30956?
3
What is the tens digit of 434?
3
What is the units digit of 97?
7
What is the hundreds digit of 15318?
3
What is the thousands digit of 51289?
1
What is the tens digit of 2408?
0
What is the thousands digit of 17905?
7
What is the ten thousands digit of 20175?
2
What is the thousands digit of 1019?
1
What is the thousands digit of 26173?
6
What is the hundreds digit of 2779?
7
What is the ten thousands digit of 24184?
2
What is the hundreds digit of 2526?
5
What is the ten thousands digit of 28434?
2
What is the thousands digit of 31528?
1
What is the units digit of 864?
4
What is the hundreds digit of 1449?
4
What is the units digit of 4684?
4
What is the ten thousands digit of 164129?
6
What is the units digit of 1597?
7
What is the units digit of 63078?
8
What is the units digit of 655?
5
What is the ten thousands digit of 50945?
5
What is the units digit of 41?
1
What is the units digit of 183?
3
What is the units digit of 355?
5
What is the hundreds digit of 7359?
3
What is the thousands digit of 1932?
1
What is the units digit of 7064?
4
What is the units digit of 56595?
5
What is the thousands digit of 7143?
7
What is the hundreds digit of 1504?
5
What is the hundreds digit of 25183?
1
What is the units digit of 613?
3
What is the thousands digit of 44711?
4
What is the hundreds digit of 28538?
5
What is the hundreds digit of 129096?
0
What is the tens digit of 12580?
8
What is the hundreds digit of 735?
7
What is the units digit of 1213?
3
What is the hundreds digit of 4123?
1
What is the ten thousands digit of 16323?
1
What is the units digit of 3523?
3
What is the units digit of 4233?
3
What is the hundreds digit of 2788?
7
What is the units digit of 4081?
1
What is the units digit of 38130?
0
What is the units digit of 12387?
7
What is the tens digit of 24357?
5
What is the ten thousands digit of 49704?
4
What is the thousands digit of 10745?
0
What is the ten thousands digit of 83872?
8
What is the ten thousands digit of 15763?
1
What is the tens digit of 3316?
1
What is the hundreds digit of 705?
7
What is the thousands digit of 1727?
1
What is the units digit of 35274?
4
What is the ten thousands digit of 69276?
6
What is the thousands digit of 46252?
6
What is the ten thousands digit of 21374?
2
What is the tens digit of 1085?
8
What is the hundreds digit of 14126?
1
What is the tens digit of 2323?
2
What is the thousands digit of 1367?
1
What is the hundreds digit of 25234?
2
What is the units digit of 6609?
9
What is the units digit of 2411?
1
What is the ten thousands digit of 13018?
1
What is the tens digit of 9323?
2
What is the units digit of 38?
8
What is the hundreds digit of 7211?
2
What is the hundreds digit of 2897?
8
What is the thousands digit of 2553?
2
What is the tens digit of 3465?
6
What is the units digit of 188?
8
What is the hundreds digit of 5645?
6
What is the tens digit of 330?
3
What is the units digit of 11161?
1
What is the tens digit of 41328?
2
What is the tens digit of 406?
0
What is the hundreds digit of 34550?
5
What is the hundreds digit of 1011?
0
What is the units digit of 1552?
2
What is the tens digit of 2232?
3
What is the tens digit of 843?
4
What is the units digit of 1241?
1
What is the units digit of 1784?
4
What is the tens digit of 68706?
0
What is the hundreds digit of 1428?
4
What is the tens digit of 8853?
5
What is the units digit of 712?
2
What is the hundreds digit of 1436?
4
What is the hundreds digit of 40672?
6
What is the thousands digit of 84653?
4
What is the units digit of 30063?
3
What is the hundreds digit of 28774?
7
What is the tens digit of 3410?
1
What is the thousands digit of 6147?
6
What is the ten thousands digit of 10082?
1
What is the tens digit of 3833?
3
What is the thousands digit of 17871?
7
What is the thousands digit of 105794?
5
What is the thousands digit of 7849?
7
What is the thousands digit of 3094?
3
What is the units digit of 1392?
2
What is the tens digit of 8256?
5
What is the tens digit of 42769?
6
What is the thousands digit of 1047?
1
What is the units digit of 16403?
3
What is the thousands digit of 3818?
3
What is the thousands digit of 7401?
7
What is the tens digit of 1088?
8
What is the units digit of 60020?
0
What is the units digit of 145821?
1
What is the tens digit of 1652?
5
What is the thousands digit of 1033?
1
What is the tens digit of 340?
4
What is the tens digit of 41?
4
What is the thousands digit of 44646?
4
What is the tens digit of 194?
9
What is the tens digit of 151?
5
What is the hundreds digit of 1729?
7
What is the tens digit of 11975?
7
What is the tens digit of 10203?
0
What is the hundreds digit of 5262?
2
What is the hundreds digit of 947?
9
What is the tens digit of 23924?
2
What is the tens digit of 482?
8
What is the thousands digit of 1045?
1
What is the thousands digit of 1988?
1
What is the hundreds digit of 88573?
5
What is the units digit of 3943?
3
What is the units digit of 44230?
0
What is the hundreds digit of 4896?
8
What is the units digit of 113565?
5
What is the units digit of 5216?
6
What is the hundreds digit of 1773?
7
What is the units digit of 24186?
6
What is the tens digit of 1642?
4
What is the thousands digit of 1236?
1
What is the tens digit of 19?
1
What is the units digit of 12?
2
What is the hundreds digit of 5478?
4
What is the ten thousands digit of 28116?
2
What is the tens digit of 3818?
1
What is the thousands digit of 1130?
1
What is the units digit of 41?
1
What is the tens digit of 5126?
2
What is the units digit of 12615?
5
What is the thousands digit of 8752?
8
What is the thousands digit of 4195?
4
What is the hundreds digit of 2715?
7
What is the units digit of 17452?
2
What is the thousands digit of 5313?
5
What is the units digit of 13393?
3
What is the units digit of 13627?
7
What is the hundreds digit of 84893?
8
What is the hundreds digit of 13397?
3
What is the thousands digit of 1669?
1
What is the tens digit of 33543?
4
What is the tens digit of 2951?
5
What is the ten thousands digit of 11459?
1
What is the hundreds digit of 3325?
3
What is the hundreds digit of 1756?
7
What is the tens digit of 1186?
8
What is the tens digit of 314?
1
What is the units digit of 199?
9
What is the thousands digit of 2291?
2
What is the units digit of 29148?
8
What is the tens digit of 68671?
7
What is the hundreds digit of 40529?
5
What is the tens digit of 17544?
4
What is the tens digit of 9659?
5
What is the hundreds digit of 700?
7
What is the units digit of 7585?
5
What is the thousands digit of 6607?
6
What is the units digit of 2?
2
What is the thousands digit of 2563?
2
What is the hundreds digit of 44215?
2
What is the thousands digit of 15095?
5
What is the units digit of 1222?
2
What is the thousands digit of 91554?
1
What is the hundreds digit of 14879?
8
What is the tens digit of 89942?
4
What is the ten thousands digit of 17187?
1
What is the ten thousands digit of 98675?
9
What is the units digit of 5063?
3
What is the hundreds digit of 498?
4
What is the units digit of 6680?
0
What is the tens digit of 728?
2
What is the tens digit of 2109?
0
What is the hundreds digit of 42066?
0
What is the ten thousands digit of 100541?
0
What is the thousands digit of 16141?
6
What is the units digit of 1311?
1
What is the units digit of 20819?
9
What is the hundreds digit of 520?
5
What is the hundreds digit of 39600?
6
What is the thousands digit of 171233?
1
What is the thousands digit of 3789?
3
What is the ten thousands digit of 80076?
8
What is the tens digit of 1263?
6
What is the ten thousands digit of 45754?
4
What is the units digit of 43384?
4
What is the hundreds digit of 105782?
7
What is the units digit of 2134?
4
What is the units digit of 1430?
0
What is the tens digit of 11183?
8
What is the tens digit of 15548?
4
What is the tens digit of 10289?
8
What is the thousands digit of 6269?
6
What is the hundreds digit of 285?
2
What is the units digit of 2385?
5
What is the tens digit of 624?
2
What is the ten thousands digit of 15832?
1
What is the units digit of 655?
5
What is the tens digit of 44022?
2
What is the hundreds digit of 15403?
4
What is the hundreds digit of 1074?
0
What is the hundr